- z**3 - 8*z**2 + 13*z - 3*z**2 - 16. Calculate a(11).
6
Let t(f) be the first derivative of f**4/6 - 9*f**2/2 + 17. Let j(q) be the second derivative of t(q). Give j(1).
4
Let n(k) = 3 - k**3 + 9*k**2 - 14 - 3*k**2 + 7*k**2. Determine n(13).
-11
Suppose 2*b + 1 = 5. Let o(z) = 2 + 7*z**2 - 2*z**b - 2*z**2 + 4*z. Determine o(-2).
6
Let q(w) = w**3 + 12*w**2 + 2*w + 11. Let c be q(-12). Let h(a) = -a**3 - 14*a**2 - 13*a + 4. Calculate h(c).
4
Let p(s) = s**3 + s**2 + s - 8. Let c(z) = -z**3 - 6*z**2 + 6*z - 1. Let u be c(-7). Let d be 0*((-3)/u + (-1)/(-1)). What is p(d)?
-8
Let r(g) = 1 + 0 - 2*g**2 + 5*g + 2. Suppose -1967*t = -1979*t + 48. What is r(t)?
-9
Let s(d) = -d**2 - d - 3. Let c(u) = -3*u**2 - 4*u - 8. Let a(f) = -4*c(f) + 11*s(f). Suppose -10*y + 6*y = 0. Suppose 8*t - 12*t - 20 = y. Calculate a(t).
-1
Suppose 0 = 3*j + 2*s + 36, 18 = -4*j + 3*s - 13. Let g = -3 - j. Let h(m) = -5*m + g + m - 11. Determine h(-3).
8
Let h(s) = -4*s**3 - 9*s**2 + 4*s - 3. Let t(x) = 9*x**3 + 24*x**2 - 11*x + 8. Let k(o) = 8*h(o) + 3*t(o). Give k(-1).
6
Let n(f) = f + 1. Suppose 5*p - 3*m = -331, -m + 0*m + 269 = -4*p. Let z = p + 41. Let b = z - -29. Calculate n(b).
3
Let r(a) be the second derivative of 0 - 1/6*a**3 - 1/2*a**2 + 7*a. Give r(3).
-4
Let p(f) = -3*f - 17. Let b(z) = -2*z - 15. Let o(i) = -4*b(i) + 3*p(i). Determine o(0).
9
Let g(w) = -w**2 + 14*w - 8. Let y(t) = 6*t**2 - 79*t + 39. Let z(m) = 11*g(m) + 2*y(m). Give z(-4).
22
Let g(z) = -z**2 + 11*z - 3. Suppose -4*n + 8 = -28. Let p be g(n). Suppose p = 5*f + 4*s, -8 - 4 = -4*f + 4*s. Let y(k) = -5*k + 2. Calculate y(f).
-13
Let b(j) = 2*j**2 - 26*j + 4. Let o be b(13). Let d(k) be the third derivative of -1/24*k**o - 8/3*k**3 + 0 + 0*k - 3*k**2. What is d(-7)?
-9
Let m = -2 + 3. Let g(p) = -9*p - 2. Let r(f) = -6*f - 1. Let a(l) = -4*g(l) + 7*r(l). Calculate a(m).
-5
Let o(p) be the third derivative of p**4/24 + 7*p**3/6 - 252*p**2. Give o(3).
10
Let t(f) = f**2 + 11*f + 9. Let r be t(-11). Suppose -r - 21 = -3*m. Let s(p) = 4*p + p - 3*p + 1 - 3*p + m*p**3. Give s(1).
10
Let z(b) = -b**2 + 2*b + 3. Let w = -5 - -7. Let f be (-1)/w*13*-2. Let g = -10 + f. What is z(g)?
0
Let c(g) = g**3 - 6*g**2 + 6*g - 7. Suppose -5*s - 4*u + 95 = u, 5*s = u + 89. Let x = -16 - -13. Let i be 10*x*(-3)/s. What is c(i)?
-2
Let g be ((-3)/(-2))/((18/16)/3). Let x(i) = -2*i**2 + 13*i - 14. Let z be x(g). Let y(n) = n**2 - 5*n - 6. Calculate y(z).
0
Suppose 4*o - l + 0*l = 92, 5*o = 2*l + 118. Let j(b) = -1 - 31*b - 2 + 15*b - b**2 + o*b. Let n be 5 - (-3 + 5) - -2. Determine j(n).
2
Let b(h) be the third derivative of -h**5/60 - 5*h**4/24 - h**3 - 455*h**2. Determine b(-3).
0
Let r(f) = f**3 - 3*f**2 - 2*f - 8. Let u be r(4). Let s = -1 + 1. Let n(y) = -y**2 + y + s*y + 4 - 15. Calculate n(u).
-11
Let w be ((-6)/15)/((-1)/(-5)) - -4. Let p(a) = -11*a - 98 + 89 + 3*a**2 - 4*a**w. Calculate p(-11).
-9
Let a(l) = -7*l + 24. Let d(x) = 2*x - 3. Let n(h) = a(h) + 3*d(h). What is n(5)?
10
Let f(w) = w**3 - 8*w**2 + 7*w + 11. Let z = 451 + -445. Calculate f(z).
-19
Let b(j) = -j**2 + 6*j + 3. Let d = -23 + 23. Suppose -2*c + 7*c + q + 24 = d, -5*c = -3*q + 28. Let f = 11 + c. Give b(f).
3
Let s = -10 + 6. Let z be ((-4 - 0)/2)/(17/(-17)). Let f(v) = -2*v + 44*v**z - 3*v - 3 - 1 - 45*v**2. Calculate f(s).
0
Let c(w) = -w**3 - 4*w**2 + 2*w. Let d(m) = m + 6. Let p be 162/(-39) + 4/26. Let k be d(p). Let r be (-4 + 3/2)*k. What is c(r)?
15
Let q(g) = -g**2 + 8*g - 1. Let w(i) = 9*i. Let p(v) = -4*q(v) + 3*w(v). Let k be p(2). Let f(u) = -u**2 + 11*u - 13. Give f(k).
-3
Let j(v) = -3*v + 23. Let g be j(6). Let p(z) be the third derivative of 1/24*z**4 - 1/2*z**3 + 0*z + 0 + z**2. Give p(g).
2
Let o be ((-2)/1)/(2/5). Let x(q) = 93*q + 8. Let r(b) = -264*b - 23. Let k(d) = 6*r(d) + 17*x(d). What is k(o)?
13
Let n(l) = 3*l - 4. Let h(a) = -3*a + 4. Let i(g) = -4*h(g) - 3*n(g). Give i(-5).
-19
Suppose 1 + 2 = g, 5*c + g = 53. Let k = 8 - c. Let v(r) = -3*r**2 - 3*r - 1. Calculate v(k).
-7
Let m(u) be the first derivative of u**3/3 + 13*u**2/2 + 3*u + 89. Calculate m(-13).
3
Let j(x) = x**3 - 2*x**2 - x. Let o(h) = 2*h**3 - 4*h**2 - 2*h. Let k(b) = 7*j(b) - 4*o(b). Let i(v) = -v**2 - 2*v + 2. Let y be i(-3). Calculate k(y).
2
Let x(j) = -20*j**2 - 57. Let h(f) = -7*f**2 - 19. Let k(q) = 17*h(q) - 6*x(q). What is k(0)?
19
Let l(f) = 6*f**2 + f - 7. Let a be l(-3). Let p(r) = a*r**2 + 6*r + 36*r**2 - 81*r**2 - 10. What is p(7)?
-17
Let i be 10/55 + 102/66*7. Let p(o) = -o**2 + 15*o - 23. Calculate p(i).
21
Suppose -9 = -3*k + 9. Let y(s) be the second derivative of 0 - s**2 - 23*s + 5/12*s**4 + s**3 - 1/20*s**5. Give y(k).
-2
Let w(p) be the first derivative of 19*p**2/2 + 5*p - 436. Calculate w(-2).
-33
Let w(k) be the second derivative of 1/6*k**3 + 5/2*k**2 + 0 - k - 1/12*k**4. Let j = -54 - -54. Determine w(j).
5
Let a(s) = s**3 - 8*s**2 + 2*s - 12. Let t(y) = -11*y + 5. Let x be t(5). Let r = -42 - x. What is a(r)?
4
Let o(r) = r - 10. Let n be 1*(-4 + 6) + -7 + -1. Let i(f) = f**3 + 7*f**2 + 7*f + 6. Let l be i(n). Give o(l).
-10
Let p(j) = 7*j**3 + 0*j - 4*j - 1 + 4*j + 3*j**2 - j. Let t(h) = -13*h**3 - 6*h**2 + 2*h + 2. Let x(b) = 11*p(b) + 6*t(b). Calculate x(-2).
-5
Let m(t) = -2*t**3 + 2*t**2 + 2*t + 6. Suppose -8 = -3*w - w. Suppose 2*i + 4 = -w. Let u(d) = d**3 - 3*d**2 - d - 6. Let b(y) = i*u(y) - 2*m(y). What is b(-5)?
11
Suppose -2*i - 2*t + 8 = 0, 7*i - 14*i - 4*t + 19 = 0. Let r(q) = 39*q**3 + 1. What is r(i)?
40
Suppose -4*x - f = 23, 4*x - 5*f + 11 = 3*x. Let h(c) = -c**2 - 5*c + 10. Give h(x).
4
Let m(x) = -3*x**2 + x - 14. Let o(t) = 0*t + 15*t**2 - 2*t - 3*t - 2*t**2 + 56. Let i(a) = -9*m(a) - 2*o(a). Give i(0).
14
Let s(l) be the third derivative of -l**5/60 + 29*l**3/6 + 29*l**2. Let u(g) be the first derivative of s(g). Determine u(1).
-2
Let y(a) = 4*a + 1. Let n(z) = 12*z + 3. Suppose -5*d + 13 = -h, 0 = -d + 6 - 4. Let f(r) = h*n(r) + 8*y(r). Determine f(-5).
19
Let k = -58 - -54. Let b(d) = -d**3 - 4*d**2 - 2. What is b(k)?
-2
Let r(p) be the third derivative of -p**5/30 + p**3/3 + p**2 + 237. What is r(-1)?
0
Let u(o) = 9*o - 11. Let j(r) = -14*r + 17. Let g(a) = 5*j(a) + 8*u(a). Suppose 18*f = 5*f + 65. What is g(f)?
7
Let j(l) = 2*l**2 + 7*l + 5. Suppose 32 - 12 = 4*p. Let n be 4 - 6 - (p - 2). Calculate j(n).
20
Let f(i) = -i**3 + i**2 - i - 5. Let w = -930 - -930. Calculate f(w).
-5
Suppose -3*c + 29 = -0*c + 5*n, 0 = 4*c - 5*n + 8. Let j(m) be the first derivative of 2*m**3/3 - m**2/2 + 2*m + 1. Give j(c).
17
Let x be -1 - (-3 + 2 + 4). Let t(a) be the second derivative of 4*a - 3/2*a**2 + 0 - 1/6*a**3. Give t(x).
1
Let q(h) = 4*h**3 - 3*h**2 + 2*h + 7. Let u(d) = d**3 - d**2 + d + 1. Let o(c) = q(c) - 3*u(c). Suppose 0 = 8*a + 8 - 8. Determine o(a).
4
Let s be (28/21)/(2/9). Suppose 3*l = 12 + s. Let j(n) = -n**3 + 7*n**2 - 7*n + 6. Determine j(l).
0
Let a(j) = 54*j**3 - 1 - 12*j**3 + 0*j - 17*j**3 + j**2 - 24*j**3 - 5*j. Determine a(-4).
-29
Let h = -57 + 57. Suppose h*s + 2*s = 12. Let k(t) = t**2 + 4 - 5*t**2 + 6*t - 3*t**2 + t**3. Calculate k(s).
4
Let i be 4/(-6) - 90/27. Let l(g) = g**2 + g. Let d(x) = -x**3 - 2*x**2 + 5*x + 4. Let s(c) = -d(c) + 2*l(c). Give s(i).
8
Suppose 4*k + k = 15. Let m = -1217 + 1220. Suppose o + m*t + 15 = -0*t, -k*o + 4*t = -20. Let l(n) = n**3 - n**2 - n + 3. What is l(o)?
3
Let y(h) = -h**3 - 6*h**2 - 2. Let a = -369 - -362. What is y(a)?
47
Let c = -567 + 568. Let t(h) = -27*h**2 + 1. Determine t(c).
-26
Let o(j) = j**2 + 22*j + 8. Let t(i) = 2*i**2 + 38*i + 14. Let k(y) = -5*o(y) + 3*t(y). Let u(a) = a**2 + 5*a - 3. Let x be u(-5). Give k(x).
-1
Let n(d) = -46*d + 83*d - 36*d + 12. Determine n(-16).
-4
Suppose -5*z + 10 = 5*i, -4*z - 3*i + 13 = -0*z. Let x(g) = -2 - g - g**2 + 0*g + 3*g - z*g. Suppose 0 - 3 = u. Determine x(u).
4
Let l be (8 - 5)*((-44)/(-12) - 0). Let n(r) = -r - 8. Give n(l).
-19
Let a(t) = 5*t. Let r = -63 + 176. Let x = r - 116. Calculate a(x).
-15
Let u be (-17 - 0 - -2) + (1 - -5). Let g(x) = -x**3 - 9*x**2 + x + 9. What is g(u)?
0
Let j(d) = -d - 4. Let t(i) = -7*i + 3*i**2 + 2*i**2 + 8 - i**3 + 2*i**2. Let x be t(6). Suppose l - 17 = x*y, l - 29 = 2*y - 4*l. Determine j(y).
3
Let q(a) = a**2 - 18*a - 3. Let t be q(18)